{"id":260,"date":"2015-01-14T11:17:19","date_gmt":"2015-01-14T10:17:19","guid":{"rendered":"http:\/\/www.emaa.de\/?page_id=260"},"modified":"2015-01-14T11:17:19","modified_gmt":"2015-01-14T10:17:19","slug":"das-cma-zertifikat","status":"publish","type":"page","link":"http:\/\/emaa.de\/?page_id=260","title":{"rendered":"Das CMA-Zertifikat"},"content":{"rendered":"<p><b><span lang=\"DE-AT\">Das CMA-Zertifikat wird ausschlie\u00dflich vom Institute of Management Accountants (IMA) vergeben, der weltweit gr\u00f6\u00dften Vereinigung von Rechnungswesen-Fachkr\u00e4ften mit \u00fcber 72.000 Mitgliedern.<\/span><\/b><\/p>\n<p><span lang=\"DE-AT\">Zahlreiche gro\u00dfe Unternehmen<\/span>, darunter Johnson &amp; Johnson, Hewlett Packard und IBM, unterst\u00fctzen diese Qualifizierungsm\u00f6glichkeit f\u00fcr ihre Mitarbeiter.<\/p>\n<p><span lang=\"DE-AT\">Das CMA-Zertifikat ist der Nachweis f\u00fcr:<\/span><\/p>\n<p><span lang=\"DE-AT\">\u2022 umfassende F\u00e4higkeiten im internen und externen Rechnungswesen\u00a0(z.B.\u00a0\u00a0 Abschlusserstellung, Kostenrechnung, Planung, Erfolgsanalyse),<\/span><\/p>\n<p><span lang=\"DE-AT\">\u2022 praxisrelevante Kenntnisse in weiteren Bereichen des Managements (z.B. Kontrollsystem, Entscheidungstheorie),<\/span><\/p>\n<p><span lang=\"DE-AT\">\u2022 Fachenglisch auf h\u00f6chstem Niveau: Die Pr\u00fcfung wird in Englisch abgelegt;\u00a0\u00a0\u00a0 Kenntnisse s\u00e4mtlicher Fachbegriffe zur Bilanzierung und im Controlling\u00a0sind dabei anzuwenden.<\/span><\/p>\n<p><span lang=\"DE-AT\">F\u00fcr alle, die mit Gesch\u00e4ftspartnern oder Konzernleitungen im Ausland zu tun haben, bringt diese Berufsqualifikation zus\u00e4tzlich Anerkennung und Nachweis der Kompetenz. Leider macht man sich in USA und anderen L\u00e4ndern oft nicht die M\u00fche, sich \u00fcber die Inhalte deutscher Berufsqualifikationen zu informieren und deren Kompetenz anzuerkennen Qualifikationen dagegen, die auch im Ausland bekannt sind, \u00f6ffnen T\u00fcren und sichern den Arbeitsplatz.<\/span><\/p>\n<p><b><span lang=\"DE-AT\">Inhalt des Examens:<\/span><\/b><\/p>\n<p><span lang=\"DE-AT\">Die exakten Inhaltsbeschreibungen finden Sie als <\/span><a href=\"http:\/\/www.imanet.org\/PDFs\/Public\/CMA\/May%202010%20CMA%20Content%20Specification%20Outline.pdf\" target=\"_blank\"><b><span lang=\"DE-AT\">Content Specification Outlines<\/span><\/b><\/a><span lang=\"DE-AT\"> des IMA (20 Seiten), die <\/span><a href=\"http:\/\/www.imanet.org\/PDFs\/Public\/CMA\/CMA_ReadingList.pdf\" target=\"_blank\"><b><span lang=\"DE-AT\">Liste mit empfohlener Literatur<\/span><\/b><\/a><span lang=\"DE-AT\"> (3 Seiten) und als <\/span><a href=\"http:\/\/www.imanet.org\/PDFs\/Public\/CMA\/CMA_LOS.pdf\" target=\"_blank\"><b><span lang=\"DE-AT\">Learning Outcome Statements<\/span><\/b><\/a><span lang=\"DE-AT\"> (70 Seiten).<\/span><\/p>\n<p><span lang=\"DE-AT\">Im Gegensatz zum CPA-Examen enth\u00e4lt das CMA-Examen keine detaillierten Fragen zum US-Steuerrecht, zur Haushaltsf\u00fchrung kommunaler Betriebe oder Stiftungen.<\/span><\/p>\n<p><span lang=\"EN-US\">Teil 1: Financial Planning, Performance and Control:<\/span><\/p>\n<p><span lang=\"EN-US\">a)\u00a0\u00a0\u00a0\u00a0 <\/span><span lang=\"EN-US\">Planung, Budgetierung &amp; Forecasting (30%)<\/span><\/p>\n<p><span lang=\"EN-US\">b)\u00a0\u00a0\u00a0\u00a0 <\/span><span lang=\"EN-US\">Performance Management (25%)<\/span><\/p>\n<p><span lang=\"EN-US\">c)\u00a0\u00a0\u00a0\u00a0 <\/span><span lang=\"EN-US\">Kostenmanagement (25%)<\/span><\/p>\n<p><span lang=\"EN-US\">d)\u00a0\u00a0\u00a0\u00a0 <\/span><span lang=\"EN-US\">Interne Kontrolle (15%)<\/span><\/p>\n<p><span lang=\"EN-US\">e)\u00a0\u00a0\u00a0\u00a0 <\/span><span lang=\"EN-US\">Ethik (5%)<\/span><\/p>\n<p><span lang=\"EN-US\">Teil 2: Financial Decision Making:<\/span><\/p>\n<p><span lang=\"EN-US\">a)\u00a0\u00a0 <\/span><span lang=\"EN-US\">Bilanzanalyse (25%)<\/span><\/p>\n<p><span lang=\"EN-US\">b)\u00a0\u00a0 <\/span><span lang=\"EN-US\">Corporate Finance (25%)<\/span><\/p>\n<p><span lang=\"EN-US\">c)\u00a0\u00a0 <\/span><span lang=\"EN-US\">Risikomanagement (25%)<\/span><\/p>\n<p><span lang=\"EN-US\">d)\u00a0\u00a0 <\/span><span lang=\"EN-US\">Investition &amp; Finanzierung (20%)<\/span><\/p>\n<p><span lang=\"EN-US\">e)\u00a0\u00a0 <\/span><span lang=\"EN-US\">Ethik (5%)<\/span><\/p>\n<p><span lang=\"DE-AT\">Die Pr\u00fcfungsgeb\u00fchr betr\u00e4gt USD 350 pro Teil, wenn beide Teile in einem Testfenster absolviert werden USD 300 je Teil.<\/span><\/p>\n<p><span lang=\"DE-AT\">Die Vorbereitung kann im Selbststudium erfolgen, es gibt aber auch Anbieter von Pr\u00e4senzkursen in den deutschsprachigen L\u00e4ndern.<\/span><\/p>\n<p><b><span lang=\"DE-AT\">Aufbau des Examens:<\/span><\/b><\/p>\n<p><span lang=\"DE-AT\">Das Examen besteht aus zwei Teilen. Jede Pr\u00fcfung dauert insgesamt 4 Stunden, wobei 100 Multiple Choice Fragen in 3 Stunden zu beantworten und zwei Aufs\u00e4tze zu je 30 Minuten zu schreiben sind. Es m\u00fcssen zumindest 50% der Multiple Choice Fragen richtig beantwortet sein, um zum Aufsatzteil zu gelangen.<\/span><\/p>\n<p><span lang=\"DE-AT\">F\u00fcr das Resultat ist die Gesamtperformance aus offenen und Multiple Choice Fragen ausschlaggebend. In Summe k\u00f6nnen 500 Punkte erreicht werden, wobei 360 Punkte f\u00fcr ein Bestehen notwendig sind. Die Fragen sind nach ihrer Schwierigkeit gewichtet \u2013 zwei richtig beantwortete Multiple Choice Fragen k\u00f6nnen also eine unterschiedliche Punktanzahl einbringen. So ist gew\u00e4hrleistet, dass alle Kandidaten ein unterschiedliches Examen erhalten, welche aber in der Schwierigkeit vergleichbar sind.<\/span><\/p>\n<p><span lang=\"DE-AT\">Es bestehen ca. 40% der Kandidaten den getesteten Teil.<\/span><\/p>\n<p><span lang=\"DE-AT\">Pro Jahr stehen 3 Testfenster (J\u00e4nner &amp; Februar, Mai &amp; Juni, Septermber &amp; Oktober), in welchen der Pr\u00fcfungstermin frei gew\u00e4hlt werden kann, zur Verf\u00fcgung. Innerhalb eines Testfensters darf ein Examensteil nur einmal abgelegt werden. Die beiden Examen m\u00fcssen innerhalb von drei Jahren absolviert werden, ansonsten muss \u00e4ltere Teil wiederholt werden.<\/span><\/p>\n<p>&nbsp;<\/p>\n<p><b><span lang=\"DE-AT\">Zulassung zu Pr\u00fcfung:<\/span><\/b><\/p>\n<p><span lang=\"DE-AT\">Zur Zulassung zur Pr\u00fcfung sind diese Schritte notwendig:<\/span><\/p>\n<p><span lang=\"DE-AT\">a)\u00a0\u00a0\u00a0\u00a0 <\/span><span lang=\"DE-AT\">Mitgliedschaft beim Institute of Management Accountants (USD 225 p.a.)<\/span><\/p>\n<p><span lang=\"DE-AT\">b)\u00a0\u00a0\u00a0\u00a0 <\/span><span lang=\"DE-AT\">Bezahlen der \u201eCertification Fee\u201c (USD 250)<\/span><\/p>\n<p><span lang=\"DE-AT\">c)\u00a0\u00a0\u00a0\u00a0 <\/span><span lang=\"DE-AT\">Registrierung &amp; Bezahlung der Pr\u00fcfungsgeb\u00fchr (USD 350 je Teil)<\/span><\/p>\n<p><span lang=\"DE-AT\">d)\u00a0\u00a0\u00a0\u00a0 <\/span><span lang=\"DE-AT\">Empfang der Best\u00e4tigung<\/span><\/p>\n<p><span lang=\"DE-AT\">e)\u00a0\u00a0\u00a0\u00a0 <\/span><span lang=\"DE-AT\">Terminvereinbarung mit Prometric<\/span><\/p>\n<p><span lang=\"DE-AT\">f)\u00a0\u00a0\u00a0\u00a0\u00a0\u00a0 <\/span><span lang=\"DE-AT\">Schreiben der Pr\u00fcfung<\/span><\/p>\n<p><span lang=\"DE-AT\">Inklusive der Unterlagen f\u00fcr ein Selbststudium ist mit Kosten von ca. USD 2.500 zu rechnen.<a name=\"_GoBack\"><\/a><\/span><\/p>\n<p><span lang=\"DE-AT\">Folgende Pr\u00fcfungsorte werden in den deutschsprachigen L\u00e4ndern angeboten:<\/span><\/p>\n<p><span lang=\"DE-AT\">\u00b7\u00a0\u00a0\u00a0\u00a0\u00a0\u00a0\u00a0 <\/span><span lang=\"DE-AT\">Wien<\/span><\/p>\n<p><span lang=\"DE-AT\">\u00b7\u00a0\u00a0\u00a0\u00a0\u00a0\u00a0\u00a0 <\/span><span lang=\"DE-AT\">M\u00fcnchen<\/span><\/p>\n<p><span lang=\"DE-AT\">\u00b7\u00a0\u00a0\u00a0\u00a0\u00a0\u00a0\u00a0 <\/span><span lang=\"DE-AT\">Frankfurt<\/span><\/p>\n<p><span lang=\"DE-AT\">\u00b7\u00a0\u00a0\u00a0\u00a0\u00a0\u00a0\u00a0 <\/span><span lang=\"DE-AT\">Berlin<\/span><\/p>\n<p><span lang=\"DE-AT\">\u00b7\u00a0\u00a0\u00a0\u00a0\u00a0\u00a0\u00a0 <\/span><span lang=\"DE-AT\">Hamburg<\/span><\/p>\n<p><span lang=\"DE-AT\">\u00b7\u00a0\u00a0\u00a0\u00a0\u00a0\u00a0\u00a0 <\/span><span lang=\"DE-AT\">Genf<\/span><\/p>\n<p><b><span lang=\"DE-AT\">Voraussetzungen um als CMA anerkannt zu werden:<\/span><\/b><\/p>\n<p><span lang=\"DE-AT\">Um den Titel CMA f\u00fchren zu d\u00fcrfen, m\u00fcssen die Kandidaten folgende Voraussetzungen erf\u00fcllen:<\/span><\/p>\n<p>&nbsp;<\/p>\n<p><span lang=\"DE-AT\">a)\u00a0\u00a0\u00a0\u00a0 <\/span><span lang=\"DE-AT\">Mitgliedschaft beim Institute of Management Accountants<\/span><\/p>\n<p><span lang=\"DE-AT\">b)\u00a0\u00a0\u00a0\u00a0 <\/span><span lang=\"DE-AT\">Nachweis der Ausbildungsvoraussetzung (mindestens ein Bachelor Abschluss einer anerkannten Universit\u00e4t \/ Fachhochschule)<\/span><\/p>\n<p><span lang=\"DE-AT\">c)\u00a0\u00a0\u00a0\u00a0 <\/span><span lang=\"DE-AT\">Nachweis der praktischen T\u00e4tigkeit (2 Jahre im Bereich Management Accounting \/ Financial Management \u2013 diese kann vor oder bis 7 Jahre nach Ablegen der Pr\u00fcfungen erbracht werden. Teilzeitt\u00e4tigkeit wird aliquot angerechnet. T\u00e4tigkeiten, welche nur die sporadische Anwendung von Management Accounting Wissen erfordern, werden nicht anerkannt.)<\/span><\/p>\n<p><span lang=\"DE-AT\">d)\u00a0\u00a0\u00a0\u00a0 <\/span><span lang=\"DE-AT\">Beide Examen bestanden<\/span><\/p>\n<p><span lang=\"DE-AT\">e)\u00a0\u00a0\u00a0\u00a0 <\/span><span lang=\"DE-AT\">Einhaltung der vom IMA definierten berufsst\u00e4ndischen Regeln<\/span><\/p>\n<p>&nbsp;<\/p>\n<p><span lang=\"DE-AT\">Die Pr\u00fcfungen selbst k\u00f6nnen schon vor Erf\u00fcllen aller Voraussetzungen absolviert werden.<\/span><\/p>\n<p>&nbsp;<\/p>\n<p><b><span lang=\"DE-AT\">Weiterbildung:<\/span><\/b><\/p>\n<p><span lang=\"DE-AT\">Jeder CMA hat pro Jahr Weiterbildungen im Ausma\u00df von 30 Stunden zu absolvieren, davon m\u00fcssen mindestens 2 Stunden dem Thema Ethik gewidmet sein.<\/span><\/p>\n<p>&nbsp;<\/p>\n<p><b><span lang=\"DE-AT\">Vereinsaktivit\u00e4ten:<\/span><\/b><\/p>\n<p><span lang=\"DE-AT\">Das Institute of Management Accountants unterh\u00e4lt in allen deutsprachigen L\u00e4ndern lokale Vereine, welche regelm\u00e4\u00dfig Netzwerk- und Weiterbildungsveranstaltungen organisieren. Einen \u00dcberblick findet man im Internet unter<\/span><\/p>\n<p><a href=\"http:\/\/europe.imanet.org\/\" target=\"_blank\"><b><span lang=\"DE-AT\">http:\/\/europe.imanet.org\/<\/span><\/b><\/a><\/p>\n<p>&nbsp;<\/p>\n<p><span lang=\"DE-AT\">Chapter Schweiz:<\/span><\/p>\n<p><a href=\"http:\/\/www.imaswitzerland.ch\/\" target=\"_blank\"><b><span lang=\"DE-AT\">www.imaswitzerland.ch<\/span><\/b><\/a><\/p>\n<p>&nbsp;<\/p>\n<p><span lang=\"DE-AT\">Chapter \u00d6sterreich:<\/span><\/p>\n<p><span lang=\"DE-AT\">Dieses Chapter ist beim \u00f6sterreichischen Controllerinstitut angesiedelt.<\/span><\/p>\n<p><a href=\"http:\/\/www.oeci.at\/\" target=\"_blank\"><b><span lang=\"DE-AT\">www.oeci.at<\/span><\/b><\/a><\/p>\n<p>Chapter Deutschland:<\/p>\n<p><a href=\"http:\/\/europe.imanet.org\/chapters\/germany\" target=\"_blank\"><b>http:\/\/europe.imanet.org\/chapters\/germany<\/b><\/a><\/p>\n<p>&nbsp;<\/p>\n<p>Lehrgang in der \u00a0Schweiz: <a href=\"http:\/\/www.controller-akademie.ch\/studiengaenge\/cima\/\" target=\"_blank\">www.controller-akademie.ch\/studiengaenge\/cima\/<\/a><\/p>\n","protected":false},"excerpt":{"rendered":"<p>Das CMA-Zertifikat wird ausschlie\u00dflich vom Institute of Management Accountants (IMA) vergeben, der weltweit gr\u00f6\u00dften Vereinigung von Rechnungswesen-Fachkr\u00e4ften mit \u00fcber 72.000 Mitgliedern. Zahlreiche gro\u00dfe Unternehmen, darunter Johnson &amp; Johnson, Hewlett Packard und IBM, unterst\u00fctzen diese Qualifizierungsm\u00f6glichkeit f\u00fcr ihre Mitarbeiter. Das CMA-Zertifikat ist der Nachweis f\u00fcr: \u2022 umfassende F\u00e4higkeiten im internen und externen Rechnungswesen\u00a0(z.B.\u00a0\u00a0 Abschlusserstellung, Kostenrechnung, Planung, [&hellip;]<\/p>\n","protected":false},"author":1,"featured_media":0,"parent":234,"menu_order":0,"comment_status":"closed","ping_status":"closed","template":"","meta":{"footnotes":""},"class_list":["post-260","page","type-page","status-publish","hentry"],"_links":{"self":[{"href":"http:\/\/emaa.de\/index.php?rest_route=\/wp\/v2\/pages\/260","targetHints":{"allow":["GET"]}}],"collection":[{"href":"http:\/\/emaa.de\/index.php?rest_route=\/wp\/v2\/pages"}],"about":[{"href":"http:\/\/emaa.de\/index.php?rest_route=\/wp\/v2\/types\/page"}],"author":[{"embeddable":true,"href":"http:\/\/emaa.de\/index.php?rest_route=\/wp\/v2\/users\/1"}],"replies":[{"embeddable":true,"href":"http:\/\/emaa.de\/index.php?rest_route=%2Fwp%2Fv2%2Fcomments&post=260"}],"version-history":[{"count":1,"href":"http:\/\/emaa.de\/index.php?rest_route=\/wp\/v2\/pages\/260\/revisions"}],"predecessor-version":[{"id":261,"href":"http:\/\/emaa.de\/index.php?rest_route=\/wp\/v2\/pages\/260\/revisions\/261"}],"up":[{"embeddable":true,"href":"http:\/\/emaa.de\/index.php?rest_route=\/wp\/v2\/pages\/234"}],"wp:attachment":[{"href":"http:\/\/emaa.de\/index.php?rest_route=%2Fwp%2Fv2%2Fmedia&parent=260"}],"curies":[{"name":"wp","href":"https:\/\/api.w.org\/{rel}","templated":true}]}}