{"id":271,"date":"2015-01-14T11:23:17","date_gmt":"2015-01-14T10:23:17","guid":{"rendered":"http:\/\/www.emaa.de\/?page_id=271"},"modified":"2015-02-01T19:06:44","modified_gmt":"2015-02-01T18:06:44","slug":"dqr-niveaus-auf-zeugnissen","status":"publish","type":"page","link":"http:\/\/emaa.de\/?page_id=271","title":{"rendered":"DQR-Niveaus auf Zeugnissen"},"content":{"rendered":"<h1><b>Deutsche Bilanzbuchhalter und Controller haben das Niveau der Stufe 6.<\/b><\/h1>\n<p><b>Empfehlung des Hauptausschusses\u00a0 des Bundesinstituts f\u00fcr Berufsbildung (BIBB) vom 8.10.2013 zur Formulierung des Hinweises zur Ausweisung des DQR-Niveaus auf Zeugnissen<\/b><\/p>\n<p>In Erg\u00e4nzung zu der vom Hauptausschuss am 13. Dezember 2012 beschlossenen \u00c4nderung der Richtlinien des Hauptausschusses des Bundesinstituts f\u00fcr Berufsbildung vom 8.3.2007 MPO-BBiG und MPO-HwO sowie vom 27.6.2008 MPO-Fortbildung BBiG und MPO-Fortbildung-HwO.<\/p>\n<p>Der Hauptausschuss des Bundesinstituts f\u00fcr Berufsbildung empfiehlt, dass ab <b>1. Januar 2014 <\/b>auf den Zeugnissen der beruflichen Bildung, die von dem Gemeinsamen Beschluss und den Richtlinien des Hauptausschusses des Bundesinstituts f\u00fcr Berufsbildung vom 8.3.2007 \u201eMusterpr\u00fcfungsordnung f\u00fcr die Durchf\u00fchrung von Abschluss- und Umschulungspr\u00fcfungen (MPO-BBiG)\u201c und \u201eMusterpr\u00fcfungsordnung f\u00fcr die Durchf\u00fchrung von Gesellen- und Umschulungspr\u00fc\u00adfungen (MPO-HwO)\u201c sowie vom 27.6.2008 \u201eMusterpr\u00fcfungsordnung f\u00fcr Fortbildungspr\u00fcfungen gem\u00e4\u00df \u00a7 56 Absatz 1 in Verbindung mit \u00a7 47 Absatz 1 Berufsbildungsgesetz (MPO-F-BBiG)\u201c und \u201eMusterpr\u00fcfungsordnung f\u00fcr Fortbildungspr\u00fcfungen gem\u00e4\u00df \u00a7 42c Absatz 1 in Verbindung mit \u00a7 38 Handwerksordnung (MPO-F-HwO)\u201c umfasst werden, die folgende, auch mit den L\u00e4n\u00addern abgestimmte Formulierung aufgenommen wird:<\/p>\n<p><b>\u201eDieser Abschluss ist im Deutschen und Europ\u00e4ischen Qualifikationsrahmen dem Niveau &#8230;.<\/b><\/p>\n<p><b>zugeordnet; <\/b>vgl. Bundesanzeiger vom <span lang=\"EN-US\"><a href=\"http:\/\/tt.mm\/\" target=\"_blank\"><span lang=\"DE\">TT.MM<\/span><\/a><\/span>.JJJJ (BAnz \u00a0\u00a0\u00a0\u00a0\u00a0\u00a0\u00a0\u00a0 )\u201c.<\/p>\n<p><b>Beschlussdatum:\u00a0\u00a0\u00a0\u00a0\u00a0\u00a0\u00a0\u00a0\u00a0\u00a0\u00a0\u00a0\u00a0\u00a0\u00a0\u00a0 8.10.2013<\/b><\/p>\n<p>(in Erg\u00e4nzung zu der vom Hauptausschuss am 13. De\u00adzember 2012 beschlossenen \u00c4nderung der Richtlinien des Hauptausschusses des Bundesinstituts f\u00fcr Be\u00adrufsbildung vom 8.3.2007 MPO-BBiG und MPO-HwO sowie vom 27.6.2008 MPO-Fortbildung BBiG und MPO-Fortbildung-HwO)<\/p>\n<p><b>Fundstelle\/Ver\u00f6ffentlichung: Bundesanzeiger Amtlicher Teil 17.10.2013 S2<\/b><\/p>\n<h3><\/h3>\n<h1>EUROPEAN QUALIFICATION FRAME<\/h1>\n<h2>Definition<\/h2>\n<p>Ein Qualifikationsrahmen ist eine systematische Beschreibung eines nationalen Bildungs\u00adsystems, welche neben &#8222;inputorientierten&#8220; Angaben (Dauer Ausbildung in Jahren) insbesondere auch die Lernergebnisse und Kompetenzen beschreibt, die von den Absolvent\/innen erreicht werden (&#8222;outputorientiert&#8220;).<\/p>\n<h3>Modell &#8222;Bologna&#8220; \/ Modell &#8222;EU&#8220;<\/h3>\n<p>An der Bologna-Ministerkonferenz in Bergen 2005 haben die Bildungsminister einen \u00fcbergreifenden, 3-stufigen Qualifikationsrahmen f\u00fcr den europ\u00e4ischen Hochschulraum verabschiedet (QF-EHEA). Die Minister haben sich verpflichtet, bis 2010 nationale Qualifikationsrahmen zu erstellen, die mit dem QF-EHEA kompatibel sind, und mit deren Ausarbeitung bis 2007 zu beginnen.<\/p>\n<p>Gleichzeitig hat die EU einen <b>8-stufigen Qualifikationsrahmen vorgelegt <a href=\"http:\/\/ec.europa.eu\/education\/policies\/educ\/eqf\/index_en.html\" target=\"_blank\">(EQF-LLL)<\/a><\/b><a href=\"http:\/\/ec.europa.eu\/education\/policies\/educ\/eqf\/index_en.html\" target=\"_blank\">,<\/a> der die Bereiche von der obligatorischen Schule bis zur Terti\u00e4rstufe abdeckt. Die Terti\u00e4rstufe ist im EQF-LLL nicht alleinig f\u00fcr den Hochschulbereich reserviert!<\/p>\n<p>Details zu dem\u00a0<b>8-stufigen Qualifikationsrahmen<\/b>\u00a0m\u00fcssen bis sp\u00e4testens 2009 in den Mitgliedsl\u00e4ndern vorliegen.<\/p>\n<h2>Deutschland<\/h2>\n<h3><strong>Vergleich NQR zu EQR<\/strong><\/h3>\n<p><i>Dr. Georg Hanf; Dr. Volker Rein<\/i><\/p>\n<p>In der Diskussion \u00fcber den Entwurf eines Europ\u00e4ischen und die m\u00f6gliche Entwicklung eines\u00a0Nationalen Qualifikationsrahmens (NQR) besteht in Deutschland ein breiter Konsens dar\u00fcber, Bildung im Sinne des Lebensbegleitenden Lernens und der Besch\u00e4ftigungsf\u00e4higkeit der B\u00fcrger unter den Makrozielen Transparenz, Durchl\u00e4ssigkeit und Kompetenzorientierung von Qualifikationen zu gestalten.<\/p>\n<p>Angestrebt wird dabei ein bildungsbereichs\u00fcbergreifender und europ\u00e4isch anschlussf\u00e4higer\u00a0NQR, der sich in seiner Zielsetzung nicht auf die Abbildung von Wissen und Bildungsabschl\u00fcssen beschr\u00e4nkt, sondern sich an Kompetenzen und beruflichen Handlungsf\u00e4higkeiten ausrichtet.<\/p>\n<p><b><a class=\"external-link-new-window\" href=\"http:\/\/www.bibb.de\/de\/25722.htm\" target=\"_blank\">mehr<\/a><\/b><\/p>\n<p><a href=\"http:\/\/www.bibb.de\/de\/wlk18242.htm\" target=\"_blank\">http:\/\/www.bibb.de\/de\/wlk18242.htm<\/a><\/p>\n<h2>\u00d6STERREICH<\/h2>\n<h3>&#8222;Nationaler Qualifikationsrahmen&#8220; bei Bildungabschl\u00fcssen<\/h3>\n<p>Die Arbeiterkammer sieht die Ministerien tendenziell auf dem richtigen Weg<\/p>\n<p>Es z\u00e4hle prim\u00e4r, was jemand kann, &#8222;und nicht, wie er es gelernt hat&#8220;, sagt Johanna Ettl, stellvertretende Direktorin der Wiener Arbeiterkammer. Die Orientierung an Lernergebnissen statt nur an Abschl\u00fcssen k\u00f6nnte die &#8222;Bildungssituation in \u00d6sterreich grundlegend \u00e4ndern&#8220;.<\/p>\n<p>Der vom Bildungs- und dem Wissenschaftsministerium geplante &#8222;Nationale Qualifikationsrahmen&#8220; (NQR) &#8211; angelehnt an den &#8222;Europ\u00e4ischen Qualifikationsrahmen f\u00fcr Lebenslanges Lernen&#8220; &#8211; zielt darauf ab. Am 30. Juni ging die Begutachtungsfrist eines Konsultationspapiers zu Ende, das die &#8222;Stellungnahmen aller Betroffenen&#8220; einforderte.\u00a0Den Kern des Experten-Entwurfs bilden &#8222;acht Referenzniveaus, die das gesamte Spektrum m\u00f6glicher Qualifikationen von der Basisbildung bis zur h\u00f6chsten Ebene akademischer und beruflicher Bildung umfassen&#8220;.<\/p>\n<p>Die zu ber\u00fccksichtigenden Lernergebnisse resultieren aus drei Lernformen:<\/p>\n<ul>\n<li>Formales Lernen findet &#8222;\u00fcblicherweise in einer Bildungs- oder Ausbildungseinrichtung&#8220; statt und f\u00fchrt zu einer Zertifizierung.<\/li>\n<li>Nicht formales Lernen erfolgt abseits dieser Institutionen; keine Zertifizierung.<\/li>\n<li>Informelles Lernen findet &#8222;im Alltag, am Arbeitsplatz&#8220; statt. Es &#8222;kann zielgerichtet sein, ist jedoch in den meisten F\u00e4llen nicht intentional&#8220;.<\/li>\n<\/ul>\n<p>Zugleich wird eine Qualifikationstypologie eingef\u00fchrt, die sich auf institutionelle und rechtliche Fakten bezieht: Typ I umfasst die \u00f6ffentliche Bildung (z. B. Hauptschul-, Lehr- oder Hochschulabschluss), Typ II die gesetzlich geregelte nicht\u00f6ffentliche Bildung (z. B. Beamtenaufstiegspr\u00fcfung) und Typ III die gesetzlich nichtgeregelte nicht\u00f6ffentliche Bildung (z. B. innerbetriebliche Ausbildungen zum Filialleiter).<\/p>\n<p>Den acht Niveaus liegt das &#8222;Prinzip der Gleichwertigkeit, aber nicht Gleichartigkeit von Qualifikationen&#8220; zugrunde. Das soll laut AK-Stellungnahme den Vergleich von Abschl\u00fcssen erleichtern und die Durchl\u00e4ssigkeit erh\u00f6hen.<br \/>\nDie AK geht mit dem Entwurf sehr weit konform, fordert aber auch Korrekturen: Sind die Ministerien unsicher \u00fcber die Einstufung des Polytechnikums, so stellt die AK diesen Abschluss eine Stufe \u00fcber den Hauptschulabschluss, auf Niveau zwei. Setzt der Entwurf die Berufsreifepr\u00fcfung zwischen den Lehrabschluss und die AHS-Matura &#8211; die hier eine Stufe unter der BHS-Variante steht -, so reiht die AK jede Reifepr\u00fcfung auf Niveau f\u00fcnf.<\/p>\n<p>K\u00f6nnte der Bachelor mit der Meisterpr\u00fcfung und dem Ingenieurtitel auf Ebene sechs stehen? Nach Ettls Ansicht darf Letzterer nicht h\u00f6her als die Matura bewertet werden: &#8222;Man kriegt ihn ja automatisch.&#8220;<\/p>\n<p>Stufe sieben und acht bleiben laut AK dem Master bzw. dem Ph. D. vorbehalten. Berufspr\u00fcfungen wie jene der Steuerberater oder der Wirtschaftspr\u00fcfer finden hier &#8211; entgegen dem Expertenvorschlag &#8211; keinen Platz. (mad\/DER STANDARD, Printausgabe, 5.\/6. Juli 2008)<\/p>\n<h2>SCHWEIZ<\/h2>\n<h3>Worum geht es?<\/h3>\n<p>Qualifikationsrahmen f\u00fcr den schweizerischen Hochschulbereich (nqf.ch-HS)<\/p>\n<p>Definition<br \/>\nEin Qualifikationsrahmen ist eine systematische Beschreibung eines nationalen Bildungs\u00adsystems, welche neben &#8222;inputorientierten&#8220; Angaben (Dauer Ausbildung in Jahren) insbe\u00adsondere auch die Lernergebnisse und Kompetenzen beschreibt, die von den Absolvent\/innen erreicht werden (&#8222;outputorientiert&#8220;).<\/p>\n<p>Modell &#8222;Bologna&#8220; \/ Modell &#8222;EU&#8220;<\/p>\n<p>An der Bologna-Ministerkonferenz in Bergen 2005 haben die Bildungsminister einen \u00fcbergreifenden, 3-stufigen Qualifikationsrahmen f\u00fcr den europ\u00e4ischen Hochschulraum verabschiedet Die Minister haben sich verpflichtet, bis 2010 nationale Qualifikationsrahmen zu erstellen, die mit dem QF-EHEA kompatibel sind, und mit deren Ausarbeitung bis 2007 zu beginnen.<\/p>\n<p>Gleichzeitig hat die EU einen 8-stufigen Qualifikationsrahmen vorgelegt, der die Bereiche von der obligatorischen Schule bis zur Terti\u00e4rstufe abdeckt. Die Terti\u00e4rstufe ist im EQF-LLL nicht alleinig f\u00fcr den Hochschulbereich reserviert!<\/p>\n<p>Qualifikationsrahmen f\u00fcr den schweizerischen Hochschulbereich (nqf.ch-HS)<\/p>\n<p>Das Staatssekretariat f\u00fcr Bildung und Forschung SBF hat der CRUS den Auftrag erteilt, gemeinsam mit der Konferenz der Fachhochschulen der Schweiz KFH und der Schweizerischen Konferenz der Rektorinnen und Rektoren der P\u00e4dagogischen Hochschulen COHEP, in Zusam\u00admenarbeit mit dem Organ f\u00fcr Akkreditierung und Qualit\u00e4tssicherung der schweizerischen Hochschulen OAQ und unter Einbezug aller interessierten Kreise einen Qualifikati\u00adonsrahmen f\u00fcr den schweizerischen Hochschulbereich (nqf.ch-HS) auszuarbeiten.<\/p>\n<p>Die Kompatibilit\u00e4t mit verwandten Projekten des Bundesamtes f\u00fcr Berufsbildung und Technologie BBT (NQF Berufsbildung) und der Schweizerischen Konferenz der kantonalen Erziehungsdirektoren EDK (HarmoS) wird \u00fcber eine enge Zusammenarbeit sichergestellt.<\/p>\n<h2><strong>Termine\u00a0<\/strong><\/h2>\n<p>Im Juni 2008 wurde der erarbeitete Entwurf nqf.ch-HS vom Leitungsausschuss der drei Rektorenkonferenzen in die Vernehmlassung geschickt.<\/p>\n<p>Nach Ablauf der Frist (Ende Oktober 2008) werden die Stellungnahmen auf dieser Seite publiziert und von der Arbeitsgruppe nqf.ch-HS ausgewertet. Der Entwurf nqf.ch-HS wird gem\u00e4ss den Ergebnissen der Vernehmlassung \u00fcberarbeitet.<\/p>\n<p><b><a class=\"external-link-new-window\" href=\"http:\/\/www.crus.ch\/die-crus\/analysiert-evaluiert\/qualifikationsrahmen-nqfch-hs.html?L=)\" target=\"_blank\">mehr<\/a><\/b><\/p>\n<p>&nbsp;<\/p>\n","protected":false},"excerpt":{"rendered":"<p>Deutsche Bilanzbuchhalter und Controller haben das Niveau der Stufe 6. Empfehlung des Hauptausschusses\u00a0 des Bundesinstituts f\u00fcr Berufsbildung (BIBB) vom 8.10.2013 zur Formulierung des Hinweises zur Ausweisung des DQR-Niveaus auf Zeugnissen In Erg\u00e4nzung zu der vom Hauptausschuss am 13. Dezember 2012 beschlossenen \u00c4nderung der Richtlinien des Hauptausschusses des Bundesinstituts f\u00fcr Berufsbildung vom 8.3.2007 MPO-BBiG und MPO-HwO [&hellip;]<\/p>\n","protected":false},"author":1,"featured_media":0,"parent":234,"menu_order":0,"comment_status":"closed","ping_status":"closed","template":"","meta":{"footnotes":""},"class_list":["post-271","page","type-page","status-publish","hentry"],"_links":{"self":[{"href":"http:\/\/emaa.de\/index.php?rest_route=\/wp\/v2\/pages\/271","targetHints":{"allow":["GET"]}}],"collection":[{"href":"http:\/\/emaa.de\/index.php?rest_route=\/wp\/v2\/pages"}],"about":[{"href":"http:\/\/emaa.de\/index.php?rest_route=\/wp\/v2\/types\/page"}],"author":[{"embeddable":true,"href":"http:\/\/emaa.de\/index.php?rest_route=\/wp\/v2\/users\/1"}],"replies":[{"embeddable":true,"href":"http:\/\/emaa.de\/index.php?rest_route=%2Fwp%2Fv2%2Fcomments&post=271"}],"version-history":[{"count":2,"href":"http:\/\/emaa.de\/index.php?rest_route=\/wp\/v2\/pages\/271\/revisions"}],"predecessor-version":[{"id":573,"href":"http:\/\/emaa.de\/index.php?rest_route=\/wp\/v2\/pages\/271\/revisions\/573"}],"up":[{"embeddable":true,"href":"http:\/\/emaa.de\/index.php?rest_route=\/wp\/v2\/pages\/234"}],"wp:attachment":[{"href":"http:\/\/emaa.de\/index.php?rest_route=%2Fwp%2Fv2%2Fmedia&parent=271"}],"curies":[{"name":"wp","href":"https:\/\/api.w.org\/{rel}","templated":true}]}}