{"id":324,"date":"2015-01-14T11:58:04","date_gmt":"2015-01-14T10:58:04","guid":{"rendered":"http:\/\/www.emaa.de\/?page_id=324"},"modified":"2015-01-14T11:58:04","modified_gmt":"2015-01-14T10:58:04","slug":"fakten-zur-selbstaendigkeit","status":"publish","type":"page","link":"http:\/\/emaa.de\/?page_id=324","title":{"rendered":"Fakten zur Selbst\u00e4ndigkeit"},"content":{"rendered":"<p>Sehr geehrte Damen und Herren,<\/p>\n<p>in meiner Funktion als Beiratsmitglied des BVBC und langj\u00e4hrige Vorsitzende des Arbeitskreises der Selbst\u00e4ndigen im BVBC erlaube ich mir, hier noch mal die Fakten, (kleinen) Erfolge und bestehenden Probleme darzustellen.<\/p>\n<p>1.)\u00a0\u00a0\u00a0\u00a0 Die selbst\u00e4ndigen Bilanzbuchhalter in Deutschland d\u00fcrfen nur<\/p>\n<p>&#8211; laufende Gesch\u00e4ftsvorf\u00e4lle kontieren und buchen<\/p>\n<p>&#8211; laufende Lohnabrechnungen erstellen<\/p>\n<p>&#8211; Lohnsteueranmeldungen erstellen und abgeben<\/p>\n<p>&#8211; Betriebswirtschaftliche Beratung erbringen und Kostenrechnung<\/p>\n<p>&nbsp;<\/p>\n<p>Sie d\u00fcrfen nicht:<\/p>\n<p>&#8211; Steuererkl\u00e4rungen erstellen, egal wie gro\u00df der Betrieb des Kunden ist<\/p>\n<p>&#8211; UST-VA erstellen<\/p>\n<p>&#8211; Buchhaltungen einrichten<\/p>\n<p>&#8211; Abschlussarbeiten erstellen.<\/p>\n<p>&nbsp;<\/p>\n<p>2.)\u00a0\u00a0\u00a0\u00a0 Seit Jahren (und bis heute unver\u00e4ndert) fordern wir die Freigabe<\/p>\n<p>&#8211; der Einrichtung der Buchhaltung<\/p>\n<p>&#8211; der UST-VA<\/p>\n<p>&#8211; der vorbereitenden Abschlussarbeiten.<\/p>\n<p>&nbsp;<\/p>\n<p>3.)\u00a0\u00a0\u00a0\u00a0 Da es aufgrund der o.g. Einschr\u00e4nkungen schwierig und oft sehr langwierig ist, bis man sich eine tragf\u00e4hige Existenz aufgebaut hat, waren viele selbst\u00e4ndige Bilanzbuchhalter daran interessiert, als freie Mitarbeiter bei Steuerberatern t\u00e4tig zu sein. Dadurch konnten sie freie Kapazit\u00e4ten ausf\u00fcllen und hatten gleichzeitig die M\u00f6glichkeit, ihr steuerlichen Wissen up-to-date zu halten.<\/p>\n<p>4.)\u00a0\u00a0\u00a0\u00a0 Um die Berufsgruppe m\u00f6glichst klein zu halten, hat die Bundessteuerberaterkammer in ihre Satzung einen Paragraf aufgenommen, der es den Steuerberatern verboten hat, selbst\u00e4ndige Bilanzbuchhalter zu besch\u00e4ftigen.<\/p>\n<p>5.)\u00a0\u00a0\u00a0\u00a0 Gegen dieses Verbot haben wir uns seit Jahren gewehrt, denn es hat den selbst\u00e4ndigen Bilanzbuchhaltern einen wichtigen Kundenkreis weggenommen.<\/p>\n<p>6.)\u00a0\u00a0\u00a0\u00a0 Durch Einschaltung der EU-Wettbewerbskommision und des Bundeskartellamtes ist nun die Steuerberaterkammer gezwungen worden, die freie Mitarbeit von selbst\u00e4ndigen Bilanzbuchhaltern bei Steuerberatern zu erlauben.<\/p>\n<p>7.)\u00a0\u00a0\u00a0\u00a0 F\u00fcr uns ist das ein wichtiger Erfolg:<\/p>\n<p>&#8211; weil wir auch auf politischer Ebene gezeigt haben, dass wir zu k\u00e4mpfen verstehen und dass die Steuerberater nicht immer automatisch im Recht sind.<\/p>\n<p>&#8211; da die selbst\u00e4ndigen Bilanzbuchhalter einen gro\u00dfen Kundenkreis gewonnen haben<\/p>\n<p>&#8211; weil die selbst\u00e4ndigen Bilanzbuchhalter als freie Mitarbeiter bei Steuerberatern auch Steuererkl\u00e4rungen und Abschl\u00fcsse erstellen d\u00fcrfen. Die fachliche Weisungsgebundenheit hat da keinen Einfluss. Sie muss lediglich gegeben sein aus versicherungsrechtlichen Gr\u00fcnden und aus berufsrechtlichen Gr\u00fcnden der Steuerberater. Die Steuerberater stellen damit gegen\u00fcber ihren Mandaten sicher, dass Sie (also die Auftragnehmer) die fachlichen Entscheidungen getroffen haben. In der Regel wird es sich dabei um grundlegende Regeln handeln, wie z.B. \u201eeinen m\u00f6glichst steuersparenden Abschlu\u00df erstellen\u201c oder \u201eGewinnmaximierung, damit das Rating sich verbessert\u201c.<\/p>\n<p>8.)\u00a0\u00a0\u00a0\u00a0 Wenn es erst einmal in gr\u00f6\u00dferer Zahl Vertr\u00e4ge zwischen Steuerberatern und selbst\u00e4ndigen Bilanzbuchhaltern geben wird, haben wir ein guten Argument f\u00fcr unsre hohe Qualifikation in der Hand. Die Steuerberaterkammern behaupten ja immer, wir seien nicht ausreichend qualifiziert f\u00fcr Abschl\u00fcsse und Steuererkl\u00e4rungen, wenn sie uns aber jetzt selber damit beauftragen\u2026<\/p>\n<p>9.)\u00a0\u00a0\u00a0\u00a0 Unabh\u00e4ngig von diesem Erfolg, der politisch (und f\u00fcr unsere Mitglieder auch moralisch) ausgesprochen wichtig war, k\u00e4mpfen wir um eine umfassende Erweiterung unserer Befugnisse. Einer der n\u00e4chsten Schritte soll das Kooperationsmodell mit \u00d6sterreich sein. Damit k\u00f6nnen wir dann aufzeigen, dass unsinnige Insell\u00f6sungen in Deutschland in einem europ\u00e4ischen Umfeld nicht mehr haltbar sind. Dazu hoffen wir sehr auf Ihre Unterst\u00fctzung!<\/p>\n<p>Ich hoffe, ich konnte etwas Licht in das Dunkel bringen, die Vorg\u00e4nge sind ja nicht immer so ganz einfach zu durchschauen. F\u00fcr weitere Fragen stehe ich Ihnen gerne zur Verf\u00fcgung.<\/p>\n<p>Nadja Ginster<\/p>\n","protected":false},"excerpt":{"rendered":"<p>Sehr geehrte Damen und Herren, in meiner Funktion als Beiratsmitglied des BVBC und langj\u00e4hrige Vorsitzende des Arbeitskreises der Selbst\u00e4ndigen im BVBC erlaube ich mir, hier noch mal die Fakten, (kleinen) Erfolge und bestehenden Probleme darzustellen. 1.)\u00a0\u00a0\u00a0\u00a0 Die selbst\u00e4ndigen Bilanzbuchhalter in Deutschland d\u00fcrfen nur &#8211; laufende Gesch\u00e4ftsvorf\u00e4lle kontieren und buchen &#8211; laufende Lohnabrechnungen erstellen &#8211; Lohnsteueranmeldungen [&hellip;]<\/p>\n","protected":false},"author":1,"featured_media":0,"parent":234,"menu_order":0,"comment_status":"closed","ping_status":"closed","template":"","meta":{"footnotes":""},"class_list":["post-324","page","type-page","status-publish","hentry"],"_links":{"self":[{"href":"http:\/\/emaa.de\/index.php?rest_route=\/wp\/v2\/pages\/324","targetHints":{"allow":["GET"]}}],"collection":[{"href":"http:\/\/emaa.de\/index.php?rest_route=\/wp\/v2\/pages"}],"about":[{"href":"http:\/\/emaa.de\/index.php?rest_route=\/wp\/v2\/types\/page"}],"author":[{"embeddable":true,"href":"http:\/\/emaa.de\/index.php?rest_route=\/wp\/v2\/users\/1"}],"replies":[{"embeddable":true,"href":"http:\/\/emaa.de\/index.php?rest_route=%2Fwp%2Fv2%2Fcomments&post=324"}],"version-history":[{"count":1,"href":"http:\/\/emaa.de\/index.php?rest_route=\/wp\/v2\/pages\/324\/revisions"}],"predecessor-version":[{"id":325,"href":"http:\/\/emaa.de\/index.php?rest_route=\/wp\/v2\/pages\/324\/revisions\/325"}],"up":[{"embeddable":true,"href":"http:\/\/emaa.de\/index.php?rest_route=\/wp\/v2\/pages\/234"}],"wp:attachment":[{"href":"http:\/\/emaa.de\/index.php?rest_route=%2Fwp%2Fv2%2Fmedia&parent=324"}],"curies":[{"name":"wp","href":"https:\/\/api.w.org\/{rel}","templated":true}]}}