{"id":335,"date":"2015-01-14T12:02:45","date_gmt":"2015-01-14T11:02:45","guid":{"rendered":"http:\/\/www.emaa.de\/?page_id=335"},"modified":"2015-01-14T12:02:45","modified_gmt":"2015-01-14T11:02:45","slug":"trac-projekt","status":"publish","type":"page","link":"http:\/\/emaa.de\/?page_id=335","title":{"rendered":"TRAC-Projekt"},"content":{"rendered":"<p><a href=\"http:\/\/www.emaa.de\/wp-878ef-content\/uploads\/2015\/01\/RTEmagicC_7b6ae0aac4.gif.gif\"><img loading=\"lazy\" decoding=\"async\" class=\"alignnone size-full wp-image-336\" src=\"http:\/\/www.emaa.de\/wp-878ef-content\/uploads\/2015\/01\/RTEmagicC_7b6ae0aac4.gif.gif\" alt=\"RTEmagicC_7b6ae0aac4.gif\" width=\"214\" height=\"138\" \/><\/a>Das Projekt &#8222;TRAC (Training for Accountants Counselling SME&#8217;s)&#8220; wurde zwischenzeitlich fertig gestellt.<br \/>\nZum ersten Mal in ihrer Verbandsgeschichte haben sich die EMAA und der deutsche Mitgliedsverband\u00a0BVBC an einem europ\u00e4ischen Projekt beteiligt, das mit Mitteln der EU (Leonardo da Vinci) gef\u00f6rdert wird.<br \/>\nDas Projekt hat zum Ziel, die Kompetenzen und F\u00e4higkeiten von Bilanzbuchhaltern und Controllern bei der ganzheitlichen Beratung zu entwickeln und zu erweitern. Es geht darum, ein <strong>europaweites <\/strong>Trainingsprogramm zu entwickeln, dass (selbstst\u00e4ndige) Bilanzbuchhalter und Controller dazu bef\u00e4higt, den Markt f\u00fcr ihre Dienstleistungen einzusch\u00e4tzen, um rechtzeitig Trends und die Bed\u00fcrfnisse ihrer Kunden zu erkennen, diese in gute und verst\u00e4ndliche Beratungsdienstleistungen zu verpacken und zu verkaufen. Das steigert f\u00fcr beide Seiten die Rentabilit\u00e4t und damit das \u00dcberleben der Unternehmen.<br \/>\nEntwicklung von Beratungskompetenzen<br \/>\nEntwicklung neuer Dienstleistungen f\u00fcr Kunden\/Mandanten<br \/>\nErkennung von Markt- und Branchentrends<br \/>\nErkennung von Kunden-\/Mandantenbed\u00fcrfnissen<br \/>\nAufbau von Netzwerken<br \/>\nSteigerung der Rentabilit\u00e4t bei den selbstst\u00e4ndigen Bilanzbuchhalterung und deren Kunden\/Mandanten.<br \/>\nDie Beratung enth\u00e4lt einen Lernprozess, in welchem der selbstst\u00e4ndige Bilanzbuchhalter durch und mit dem Kunden arbeitet, so dass der Kunde selbst die Initiative zur L\u00f6sungsfindung innerhalb eines gesch\u00e4ftlichen Rahmens in Bezug auf die Probleme und Chancen ergreift. Dies steht im Widerspruch zum Bild des klassischen Beraters, von welchem man erwartet, dass er die L\u00f6sungsans\u00e4tze f\u00fcr bestehende Schwierigkeiten vorgibt, also die Arbeit f\u00fcr den Kunden erledigt.<br \/>\nDas Training soll im Ergebnis die klein- und mittelst\u00e4ndischen Unternehmen profitabler und konkurrenzf\u00e4higer machen. Zus\u00e4tzlich vermittelt das Training den selbst\u00e4ndigen Bilanzbuchhaltern die notwendige Kompetenz, ihren Service zu erweitern und damit gleichzeitig ihre zuk\u00fcnftige Konkurrenzf\u00e4higkeit und ihre Existenz sicher zu gestalten.<br \/>\nEine weitere\u00a0Zielsetzung des Projekts, ist die F\u00f6rderung der Kommunikation der Traingsabsolventen untereinander &#8211; und zwar europaweit \u00fcber das Internet.<br \/>\nIm Ergebnis soll dies dazu f\u00fchren, dass\u00a0selbstst\u00e4ndige Bilanzbuchhalter und Controller sich europaweit ein\u00a0Netzwerk mit ihren Berufskollegen\/innen aufbauen, um ihren Kunden auch grenz\u00fcberschreitend Dienstleistungen anbieten und Kontakte ins europ\u00e4ische Ausland vermitteln zu k\u00f6nnen.<\/p>\n<p>Sowohl die EMAA e.V als auch der BVBC e.V.\u00a0hatten sich zu einer Mitarbeit an diesem Projekt entschieden. Beide Verb\u00e4nde sehen in diesem Vorhaben u.a. auch eine Chance, \u00fcber ein europ\u00e4isch gef\u00f6rdertes Projekt die Buchhaltungsarbeiten in die &#8222;erlaubten T\u00e4tigkeiten&#8220; einzubringen.<\/p>\n<p>Unter der Federf\u00fchrung des norwegischen Bilanzbuchhalter-Verbandes haben die Partner aus Norwegen, Schweden,\u00a0Portugal und Deutschland alle\u00a0Phasen\u00a0abgeschlossen. Das Trainingsprogramm besteht inhaltlich aus 4 Modulen:<br \/>\nModul 1: Externe und interne Analyse von Unternehmen<br \/>\nModul 2: Marketing<br \/>\nModul 3: Die Rolle des Beraters<br \/>\nModul 4: Unternehmensbewertung<\/p>\n<p>Weitere Infos: <a href=\"http:\/\/www.trac-europe.com\/\" target=\"_blank\">http:\/\/www.trac-europe.com<\/a><\/p>\n","protected":false},"excerpt":{"rendered":"<p>Das Projekt &#8222;TRAC (Training for Accountants Counselling SME&#8217;s)&#8220; wurde zwischenzeitlich fertig gestellt. Zum ersten Mal in ihrer Verbandsgeschichte haben sich die EMAA und der deutsche Mitgliedsverband\u00a0BVBC an einem europ\u00e4ischen Projekt beteiligt, das mit Mitteln der EU (Leonardo da Vinci) gef\u00f6rdert wird. Das Projekt hat zum Ziel, die Kompetenzen und F\u00e4higkeiten von Bilanzbuchhaltern und Controllern bei [&hellip;]<\/p>\n","protected":false},"author":1,"featured_media":0,"parent":234,"menu_order":0,"comment_status":"closed","ping_status":"closed","template":"","meta":{"footnotes":""},"class_list":["post-335","page","type-page","status-publish","hentry"],"_links":{"self":[{"href":"http:\/\/emaa.de\/index.php?rest_route=\/wp\/v2\/pages\/335","targetHints":{"allow":["GET"]}}],"collection":[{"href":"http:\/\/emaa.de\/index.php?rest_route=\/wp\/v2\/pages"}],"about":[{"href":"http:\/\/emaa.de\/index.php?rest_route=\/wp\/v2\/types\/page"}],"author":[{"embeddable":true,"href":"http:\/\/emaa.de\/index.php?rest_route=\/wp\/v2\/users\/1"}],"replies":[{"embeddable":true,"href":"http:\/\/emaa.de\/index.php?rest_route=%2Fwp%2Fv2%2Fcomments&post=335"}],"version-history":[{"count":1,"href":"http:\/\/emaa.de\/index.php?rest_route=\/wp\/v2\/pages\/335\/revisions"}],"predecessor-version":[{"id":337,"href":"http:\/\/emaa.de\/index.php?rest_route=\/wp\/v2\/pages\/335\/revisions\/337"}],"up":[{"embeddable":true,"href":"http:\/\/emaa.de\/index.php?rest_route=\/wp\/v2\/pages\/234"}],"wp:attachment":[{"href":"http:\/\/emaa.de\/index.php?rest_route=%2Fwp%2Fv2%2Fmedia&parent=335"}],"curies":[{"name":"wp","href":"https:\/\/api.w.org\/{rel}","templated":true}]}}