{"id":668,"date":"2015-02-03T23:19:05","date_gmt":"2015-02-03T22:19:05","guid":{"rendered":"http:\/\/emaa.de\/?page_id=668"},"modified":"2015-02-03T23:19:05","modified_gmt":"2015-02-03T22:19:05","slug":"20-jahre-emaa","status":"publish","type":"page","link":"https:\/\/emaa.de\/?page_id=668","title":{"rendered":"20 Jahre EMAA"},"content":{"rendered":"<h2><b>Festakt in Wien am\u00a0 <\/b>21. November 2014<\/h2>\n<p>Ort: Wirtschaftskammer \u00d6sterreich,<br \/>\nWiedner Hauptstrasse 53, A-1042 Wien<\/p>\n<p>Fachverband UBIT\u00a0 Bauteil 3\u00a0 5. Stock<\/p>\n<p>Teilnehmer: Vertreter der Berufs- und Fachverb\u00e4nde.<\/p>\n<p>&nbsp;<\/p>\n<p>10:30 <b>Pressekonferenz<\/b>\u00a0 WK\u00d6 Bauteil 1\u00a0\u00a0\u00a0 1. Stock<\/p>\n<p>Teilnehmer:<\/p>\n<p>J\u00fcrgen Rupprecht , Presseabteilung WK\u00d6\u00a0 &#8211;\u00a0 Moderator<\/p>\n<p>Alfred Harl, Fachverbandsobmann UBIT\u00a0\u00a0 &#8211; Sprecher<\/p>\n<p>Uwe J\u00fcttner, Pr\u00e4sident EMAA\u00a0\u00a0 &#8211; Sprecher<\/p>\n<p>G\u00fcnter Hendrich, Pr\u00e4sident B\u00d6B\u00a0 &#8211;\u00a0 Sprecher<\/p>\n<p>Andreas Stadler, Berufsgruppe BH\u00a0 &#8211;\u00a0 Auskunftsperson<\/p>\n<p>Helga Hanslik-Czadul B\u00d6B &#8211; Auskunftsperson<\/p>\n<p>N.N.\u00a0 BVBC &#8211;\u00a0 Auskunftsperson<\/p>\n<p>Dr. Friedrich Bock,\u00a0 Beirat EMAA\u00a0 &#8211;\u00a0 Auskunftsperson<\/p>\n<p>&nbsp;<\/p>\n<p>14:00 <b>Festsitzung<\/b> 25 Jahre B\u00d6B \u2013 20 Jahre EMAA &#8211; 15 Jahre<br \/>\nselbst\u00e4ndige Bilanzbuchhalter in \u00d6sterreich<\/p>\n<p>Ort:\u00a0 noch offen<\/p>\n<p>Teilnehmer: Funktion\u00e4re und Mitglieder von B\u00d6B, UBIT, EMAA<\/p>\n<p>&nbsp;<\/p>\n<p>17:00 <b>Mitgliederversammlung<\/b> EMAA e. V.<\/p>\n<p>&nbsp;<\/p>\n<p>19:30 <b>Abendessen<\/b><\/p>\n<p>Ort:\u00a0 noch offen<\/p>\n<p>&nbsp;<\/p>\n<p><b>Programmablauf Festsitzung<\/b><\/p>\n<p>&nbsp;<\/p>\n<p>Begr\u00fc\u00dfung und Anlass\u00a0\u00a0\u00a0\u00a0\u00a0\u00a0\u00a0\u00a0\u00a0\u00a0\u00a0\u00a0\u00a0\u00a0\u00a0\u00a0\u00a0\u00a0\u00a0\u00a0\u00a0\u00a0\u00a0\u00a0\u00a0\u00a0\u00a0 J\u00fcttner<\/p>\n<p>&nbsp;<\/p>\n<p>20 Jahre EMAA\u00a0\u00a0\u00a0\u00a0\u00a0\u00a0\u00a0\u00a0\u00a0\u00a0\u00a0\u00a0\u00a0\u00a0\u00a0\u00a0\u00a0\u00a0\u00a0\u00a0\u00a0\u00a0\u00a0\u00a0\u00a0\u00a0\u00a0\u00a0\u00a0\u00a0\u00a0\u00a0\u00a0\u00a0\u00a0\u00a0\u00a0\u00a0 J\u00fcttner<\/p>\n<p>Vorstellung des BVBC\u00a0\u00a0\u00a0\u00a0\u00a0\u00a0\u00a0\u00a0\u00a0\u00a0\u00a0\u00a0\u00a0\u00a0\u00a0\u00a0\u00a0\u00a0\u00a0\u00a0\u00a0\u00a0\u00a0\u00a0\u00a0\u00a0\u00a0\u00a0\u00a0 N.N.<\/p>\n<p>&nbsp;<\/p>\n<p>Vorstellung des B\u00d6B\u00a0\u00a0\u00a0\u00a0\u00a0\u00a0\u00a0\u00a0\u00a0\u00a0\u00a0\u00a0\u00a0\u00a0\u00a0\u00a0\u00a0\u00a0\u00a0\u00a0\u00a0\u00a0\u00a0\u00a0\u00a0\u00a0\u00a0\u00a0\u00a0\u00a0 Hendrich<\/p>\n<p>&nbsp;<\/p>\n<p>Vorstellung der Berufsgruppe BH\u00a0 in UBIT Stadler<\/p>\n<p>&nbsp;<\/p>\n<p>Die \u00f6sterreichische Berufsbeh\u00f6rde\u00a0\u00a0\u00a0\u00a0\u00a0\u00a0\u00a0\u00a0\u00a0\u00a0\u00a0 Lauber<\/p>\n<p>&nbsp;<\/p>\n<p>Die Zukunft des Bilanzbuchhalterberufes\u00a0\u00a0 Bock<\/p>\n<p>&nbsp;<\/p>\n<p>Ehrung der Gr\u00fcndungsmitglieder\u00a0 \u00a0\u00a0\u00a0\u00a0\u00a0\u00a0\u00a0\u00a0\u00a0\u00a0\u00a0 J\u00fcttner<\/p>\n<p>&nbsp;<\/p>\n<p>&nbsp;<\/p>\n<p>&nbsp;<\/p>\n","protected":false},"excerpt":{"rendered":"<p>Festakt in Wien am\u00a0 21. November 2014 Ort: Wirtschaftskammer \u00d6sterreich, Wiedner Hauptstrasse 53, A-1042 Wien Fachverband UBIT\u00a0 Bauteil 3\u00a0 5. Stock Teilnehmer: Vertreter der Berufs- und Fachverb\u00e4nde. &nbsp; 10:30 Pressekonferenz\u00a0 WK\u00d6 Bauteil 1\u00a0\u00a0\u00a0 1. Stock Teilnehmer: J\u00fcrgen Rupprecht , Presseabteilung WK\u00d6\u00a0 &#8211;\u00a0 Moderator Alfred Harl, Fachverbandsobmann UBIT\u00a0\u00a0 &#8211; Sprecher Uwe J\u00fcttner, Pr\u00e4sident EMAA\u00a0\u00a0 &#8211; Sprecher [&hellip;]<\/p>\n","protected":false},"author":1,"featured_media":0,"parent":661,"menu_order":0,"comment_status":"closed","ping_status":"closed","template":"","meta":{"footnotes":""},"class_list":["post-668","page","type-page","status-publish","hentry"],"_links":{"self":[{"href":"https:\/\/emaa.de\/index.php?rest_route=\/wp\/v2\/pages\/668","targetHints":{"allow":["GET"]}}],"collection":[{"href":"https:\/\/emaa.de\/index.php?rest_route=\/wp\/v2\/pages"}],"about":[{"href":"https:\/\/emaa.de\/index.php?rest_route=\/wp\/v2\/types\/page"}],"author":[{"embeddable":true,"href":"https:\/\/emaa.de\/index.php?rest_route=\/wp\/v2\/users\/1"}],"replies":[{"embeddable":true,"href":"https:\/\/emaa.de\/index.php?rest_route=%2Fwp%2Fv2%2Fcomments&post=668"}],"version-history":[{"count":1,"href":"https:\/\/emaa.de\/index.php?rest_route=\/wp\/v2\/pages\/668\/revisions"}],"predecessor-version":[{"id":669,"href":"https:\/\/emaa.de\/index.php?rest_route=\/wp\/v2\/pages\/668\/revisions\/669"}],"up":[{"embeddable":true,"href":"https:\/\/emaa.de\/index.php?rest_route=\/wp\/v2\/pages\/661"}],"wp:attachment":[{"href":"https:\/\/emaa.de\/index.php?rest_route=%2Fwp%2Fv2%2Fmedia&parent=668"}],"curies":[{"name":"wp","href":"https:\/\/api.w.org\/{rel}","templated":true}]}}