{"id":680,"date":"2015-02-03T23:29:48","date_gmt":"2015-02-03T22:29:48","guid":{"rendered":"http:\/\/emaa.de\/?page_id=680"},"modified":"2015-04-02T12:53:46","modified_gmt":"2015-04-02T11:53:46","slug":"satzung","status":"publish","type":"page","link":"https:\/\/emaa.de\/?page_id=680","title":{"rendered":"Satzung"},"content":{"rendered":"<h2>Auszug aus der Satzung<\/h2>\n<p>Die komplette Satzung kann als Word-Datei runtergeladen werden. (Klicken Sie mit der rechten Maustaste und w\u00e4hlen Sie &#8222;Speichern unter&#8230;&#8220;)<\/p>\n<p><img loading=\"lazy\" decoding=\"async\" src=\"http:\/\/emaa.de\/wp-878ef-content\/uploads\/2015\/02\/down.gif\" alt=\"down\" width=\"30\" height=\"30\" \/>\u00a0Download der Satzung als Word Dokument: <a href=\"\/wp-878ef-content\/uploads\/2015\/02\/Satzung-EMAA-22052011.doc\">deutsch <\/a><a href=\"\/wp-878ef-content\/uploads\/2015\/02\/Satzung-EMAA-22052011.doc\">(ca. 350\u00a0KB) <\/a>| <a href=\"\/wp-878ef-content\/uploads\/2015\/02\/Satzung-EMAA-Englisch-01092011.doc\">englisch (ca.\u00a0366 KB)<\/a><\/p>\n<p><img loading=\"lazy\" decoding=\"async\" src=\"http:\/\/emaa.de\/wp-878ef-content\/uploads\/2015\/02\/down.gif\" alt=\"down\" width=\"30\" height=\"30\" \/>\u00a0Download der Satzung als\u00a0PDF Datei <a href=\"\/wp-878ef-content\/uploads\/2015\/02\/Satzung-EMAA-22052011.pdf\">deutsch (ca. 895 KB)<\/a> | <a href=\"\/wp-878ef-content\/uploads\/2015\/02\/Satzung-EMAA-Englisch-01092011.pdf\">englisch (ca.\u00a0760 KB)<\/a><\/p>\n<p>&nbsp;<\/p>\n<h2>\u00a7 2 Zweck<\/h2>\n<p>Der Verein hat die Aufgabe, nach dem Grundsatz der Freiwilligkeit und unter Ausschluss parteipolitischer Gesichtspunkte die Interessen der diplomierten Buchhalter, Bilanzbuchhalter und\/oder Controller zu f\u00f6rdern und die Zusammenarbeit der diplomierten Buchhalter, Bilanzbuchhalter und\/oder Controller in Europa zu verst\u00e4rken. Dieser Zweck wird durch Veranstaltungen und Ver\u00f6ffentlichungen, sowie durch alle Handlungen verwirklicht, die hierzu geeignet erscheinen und die entweder vom Verband selbst auf europ\u00e4ischer Ebene oder von den Mitgliedern (bzw. Mitgliedsverb\u00e4nden) auf nationaler oder internationaler Ebene durchgef\u00fchrt werden und an der jedes Mitglied eines jeden Mitgliedsverbandes teilnehmen, bzw. an deren Ergebnissen nutzbringend teilhaben, kann. Dies beinhaltet z.B. auch die gegenseitige Anerkennung der entsprechenden, nationalen Zeugnisse, die zur Mitgliedschaft im Land eines anderen Mitgliedsverbandes berechtigen, und die Vertretung dieser Anerkennungshaltung gegen\u00fcber den jeweiligen nationalen Instanzen der Wirtschaft und\/oder Verwaltungsbeh\u00f6rden im eigenen Land.<\/p>\n<p>Ferner wird der Verband &#8211; eben wegen dieser gegenseitigen Anerkennung der nationalen Zeugnisse &#8211; sich f\u00fcr eine Harmonisierung der nationalen Ausbildungs- und Pr\u00fcfungsvorschriften bez\u00fcglich des Erwerbs der betreffenden Zeugnisse und\/oder Diplome einsetzen. Eine weitere Interessenvertretung seiner Mitglieder wird der Verband durch die in \u00a7 3 dieser Satzung bindend festgelegten Ziele verwirklichen, deren zufolge der Verband die Belange der Angeh\u00f6rigen des Berufsstandes \u2013 also sowohl die der nationalen Mitgliedsverb\u00e4nde als auch deren einzelnen Mitgliedern \u2013 in den europ\u00e4ischen L\u00e4ndern, die nicht zur EU geh\u00f6ren, mittelbar durch seine Mitgliedschaft bei oder Verbindung zu Verb\u00e4nden, die bei der EU oder deren Institutionen akkreditiert sind, auf EU-Ebene zu vertreten gedenkt.<\/p>\n<p>Der Verband hat nicht die Absicht, seine Verbandszwecke im Rahmen eines wirtschaftlichen Gesch\u00e4ftsbetriebes zu verfolgen.<\/p>\n<h2>\u00a7 3 Ziele<\/h2>\n<p>Der Verein soll Mitglied von anderen europ\u00e4ischen Organisationen werden, wenn dies geeignet ist, den satzungsm\u00e4\u00dfigen Zweck zu verfolgen. Das Pr\u00e4sidium wird erm\u00e4chtigt, alle zum Erwerb der Mitgliedschaft erforderlichen Willenserkl\u00e4rungen abzugeben. Der Verein darf die Interessen seiner Mitgliedsverb\u00e4nde bei Beh\u00f6rden und Institutionen der Europ\u00e4ischen Union vertreten, auch wenn er kein Mitglied von einer entsprechenden europ\u00e4ischen Organisation ist.<\/p>\n<h2>\u00a7 7 Rechte und Pflichten der Mitglieder<\/h2>\n<p>Jedes Mitglied ist berechtigt, an der Willensbildung teilzunehmen, an den Veranstaltungen teilzunehmen und ist verpflichtet, die Interessen des Vereins nach Kr\u00e4ften zu f\u00f6rdern und zu unterst\u00fctzen, sowie den von der Mitgliederversammlung festgesetzten Jahresbeitrag f\u00fcr jedes angebrochene Jahr zu entrichten.<\/p>\n<p>Jede nat\u00fcrliche Person, die Mitglied eines der nationalen Verb\u00e4nde ist, der Mitglied dieses Verbandes ist, kann an den Veranstaltungen \u2013 insbesondere auch an Lehr- und Fortbildungsveranstaltungen \u2013 eines anderen nationalen Verbandes, der nicht nationaler Verband im Lande seines st\u00e4ndigen Wohnsitzes ist, zu den Teilnehmergeb\u00fchren teilnehmen, die dieser von seinen Mitgliedern f\u00fcr eine Teilnahme erhebt.<\/p>\n<p>Nationalen Berufsverb\u00e4nden, die als Gr\u00fcndungsmitglied der EMAA angeh\u00f6ren, steht bei allen Entscheidungen ein Vetorecht zu.<\/p>\n","protected":false},"excerpt":{"rendered":"<p>Auszug aus der Satzung Die komplette Satzung kann als Word-Datei runtergeladen werden. (Klicken Sie mit der rechten Maustaste und w\u00e4hlen Sie &#8222;Speichern unter&#8230;&#8220;) \u00a0Download der Satzung als Word Dokument: deutsch (ca. 350\u00a0KB) | englisch (ca.\u00a0366 KB) \u00a0Download der Satzung als\u00a0PDF Datei deutsch (ca. 895 KB) | englisch (ca.\u00a0760 KB) &nbsp; \u00a7 2 Zweck Der Verein [&hellip;]<\/p>\n","protected":false},"author":1,"featured_media":0,"parent":661,"menu_order":0,"comment_status":"closed","ping_status":"closed","template":"","meta":{"footnotes":""},"class_list":["post-680","page","type-page","status-publish","hentry"],"_links":{"self":[{"href":"https:\/\/emaa.de\/index.php?rest_route=\/wp\/v2\/pages\/680","targetHints":{"allow":["GET"]}}],"collection":[{"href":"https:\/\/emaa.de\/index.php?rest_route=\/wp\/v2\/pages"}],"about":[{"href":"https:\/\/emaa.de\/index.php?rest_route=\/wp\/v2\/types\/page"}],"author":[{"embeddable":true,"href":"https:\/\/emaa.de\/index.php?rest_route=\/wp\/v2\/users\/1"}],"replies":[{"embeddable":true,"href":"https:\/\/emaa.de\/index.php?rest_route=%2Fwp%2Fv2%2Fcomments&post=680"}],"version-history":[{"count":6,"href":"https:\/\/emaa.de\/index.php?rest_route=\/wp\/v2\/pages\/680\/revisions"}],"predecessor-version":[{"id":2017,"href":"https:\/\/emaa.de\/index.php?rest_route=\/wp\/v2\/pages\/680\/revisions\/2017"}],"up":[{"embeddable":true,"href":"https:\/\/emaa.de\/index.php?rest_route=\/wp\/v2\/pages\/661"}],"wp:attachment":[{"href":"https:\/\/emaa.de\/index.php?rest_route=%2Fwp%2Fv2%2Fmedia&parent=680"}],"curies":[{"name":"wp","href":"https:\/\/api.w.org\/{rel}","templated":true}]}}