{"id":87,"date":"2015-01-13T23:15:44","date_gmt":"2015-01-13T22:15:44","guid":{"rendered":"http:\/\/www.emaa.de\/?page_id=87"},"modified":"2018-09-17T14:51:02","modified_gmt":"2018-09-17T13:51:02","slug":"cob","status":"publish","type":"page","link":"https:\/\/emaa.de\/?page_id=87","title":{"rendered":"COB"},"content":{"rendered":"<p class=\"align-left\"><b>Der Club f\u00fcr BilanzbuchhalterInnen in\u00a0 Ober\u00f6sterreich mit neuem Vorstand<\/b><\/p>\n<p>Das Pr\u00e4sidium der EMAA w\u00fcnscht allen neu und wiedergew\u00e4hlten Kolleginnen und Kollegen ein gl\u00fcckliches H\u00e4ndchen und viel Erfolg bei der zielorientierten Steuerung des Landesclubs. Das EMAA Netzwerk steht jedem zur Verf\u00fcgung.<\/p>\n<table style=\"height: 335px;\" width=\"529\">\n<tbody>\n<tr>\n<td width=\"188\">Peirhofer<\/td>\n<td width=\"190\">Gerhard<\/td>\n<td width=\"300\"><u><a href=\"mailto:G.Peirhofer@cob.co.at\">G.Peirhofer@cob.co.at<\/a><\/u><\/td>\n<td width=\"378\">Obmann<\/td>\n<\/tr>\n<tr>\n<td width=\"188\">Kathrein<\/td>\n<td width=\"190\">Klaus<\/td>\n<td width=\"300\"><u><a href=\"mailto:k.kathrein@cob.co.at\">k.kathrein@cob.co.at<\/a><\/u><\/td>\n<td width=\"378\">Obmannstellvertreter<\/td>\n<\/tr>\n<tr>\n<td width=\"188\">Grasb\u00f6ck<\/td>\n<td width=\"190\">Sieglinde<\/td>\n<td width=\"300\"><u><a href=\"mailto:grasboeck.s@gmx.at\">grasboeck.s@gmx.at<\/a><\/u><\/td>\n<td width=\"378\">Schriftf\u00fchrerin<\/td>\n<\/tr>\n<tr>\n<td width=\"188\">Wohlgemuth<\/td>\n<td width=\"190\">Frank<\/td>\n<td width=\"300\"><u><a href=\"mailto:wof-office@gmx.at\">wof-office@gmx.at<\/a><\/u><\/td>\n<td width=\"378\">Schriftf\u00fchrerstellvertreter<\/td>\n<\/tr>\n<tr>\n<td width=\"188\">Bernecker<\/td>\n<td width=\"190\">Elisabeth<\/td>\n<td width=\"300\"><u><a href=\"mailto:elisabeth.bernecker@gmail.com\">elisabeth.bernecker@gmail.com<\/a><\/u><\/td>\n<td width=\"378\">Kassierin<\/td>\n<\/tr>\n<tr>\n<td width=\"188\">Forster<\/td>\n<td width=\"190\">Gudrun<\/td>\n<td width=\"300\"><u><a href=\"mailto:office@bilanz-forster.at\">office@bilanz-forster.at<\/a><\/u><\/td>\n<td width=\"378\">Kassierstellvertreterin<\/td>\n<\/tr>\n<tr>\n<td width=\"188\">Spindler<\/td>\n<td width=\"190\">Siegrid<\/td>\n<td width=\"300\"><u><a href=\"mailto:sigrid.spindler@gmx.at\">sigrid.spindler@gmx.at<\/a><\/u><\/td>\n<td width=\"378\">Beir\u00e4tin<\/td>\n<\/tr>\n<tr>\n<td width=\"188\">Reitbauer<\/td>\n<td width=\"190\">Victor<\/td>\n<td width=\"300\"><u><a href=\"mailto:v.reitbauer@gmx.at\">v.reitbauer@gmx.at<\/a><\/u><\/td>\n<td width=\"378\">Rechnungspr\u00fcfer<\/td>\n<\/tr>\n<tr>\n<td width=\"188\">Nikolic<\/td>\n<td width=\"190\">Eva<\/td>\n<td width=\"300\"><u><a href=\"mailto:Eva.Nicolic@aon.at\">Eva.Nicolic@aon.at<\/a><\/u><\/td>\n<td width=\"378\">Rechnungspr\u00fcferin<\/td>\n<\/tr>\n<tr>\n<td width=\"188\">Wohlgemuth-Elsner<\/td>\n<td width=\"190\">Ingrid<\/td>\n<td width=\"300\"><u><a href=\"mailto:iwo-office@aon.at\">iwo-office@aon.at<\/a><\/u><\/td>\n<td width=\"378\">Rechnungspr\u00fcferin<\/td>\n<\/tr>\n<\/tbody>\n<\/table>\n<p>&nbsp;<\/p>\n<table style=\"height: 404px;\" border=\"0\" width=\"583\">\n<tbody>\n<tr>\n<th><\/th>\n<td><\/td>\n<\/tr>\n<tr>\n<td><\/td>\n<td><\/td>\n<\/tr>\n<tr>\n<th><\/th>\n<td><\/td>\n<\/tr>\n<tr>\n<td><\/td>\n<td><\/td>\n<\/tr>\n<tr>\n<th><\/th>\n<td><\/td>\n<\/tr>\n<tr>\n<td><\/td>\n<td><\/td>\n<\/tr>\n<tr>\n<th><\/th>\n<td><\/td>\n<\/tr>\n<tr>\n<td><\/td>\n<td><\/td>\n<\/tr>\n<tr>\n<th><\/th>\n<td><\/td>\n<\/tr>\n<tr>\n<td><\/td>\n<td><\/td>\n<\/tr>\n<tr>\n<th><\/th>\n<td><\/td>\n<\/tr>\n<tr>\n<td><\/td>\n<td><\/td>\n<\/tr>\n<\/tbody>\n<\/table>\n<p>&nbsp;<\/p>\n<p>&nbsp;<\/p>\n","protected":false},"excerpt":{"rendered":"<p>Der Club f\u00fcr BilanzbuchhalterInnen in\u00a0 Ober\u00f6sterreich mit neuem Vorstand Das Pr\u00e4sidium der EMAA w\u00fcnscht allen neu und wiedergew\u00e4hlten Kolleginnen und Kollegen ein gl\u00fcckliches H\u00e4ndchen und viel Erfolg bei der zielorientierten Steuerung des Landesclubs. Das EMAA Netzwerk steht jedem zur Verf\u00fcgung. Peirhofer Gerhard G.Peirhofer@cob.co.at Obmann Kathrein Klaus k.kathrein@cob.co.at Obmannstellvertreter Grasb\u00f6ck Sieglinde grasboeck.s@gmx.at Schriftf\u00fchrerin Wohlgemuth Frank wof-office@gmx.at [&hellip;]<\/p>\n","protected":false},"author":1,"featured_media":0,"parent":77,"menu_order":0,"comment_status":"closed","ping_status":"closed","template":"","meta":{"footnotes":""},"class_list":["post-87","page","type-page","status-publish","hentry"],"_links":{"self":[{"href":"https:\/\/emaa.de\/index.php?rest_route=\/wp\/v2\/pages\/87","targetHints":{"allow":["GET"]}}],"collection":[{"href":"https:\/\/emaa.de\/index.php?rest_route=\/wp\/v2\/pages"}],"about":[{"href":"https:\/\/emaa.de\/index.php?rest_route=\/wp\/v2\/types\/page"}],"author":[{"embeddable":true,"href":"https:\/\/emaa.de\/index.php?rest_route=\/wp\/v2\/users\/1"}],"replies":[{"embeddable":true,"href":"https:\/\/emaa.de\/index.php?rest_route=%2Fwp%2Fv2%2Fcomments&post=87"}],"version-history":[{"count":7,"href":"https:\/\/emaa.de\/index.php?rest_route=\/wp\/v2\/pages\/87\/revisions"}],"predecessor-version":[{"id":2948,"href":"https:\/\/emaa.de\/index.php?rest_route=\/wp\/v2\/pages\/87\/revisions\/2948"}],"up":[{"embeddable":true,"href":"https:\/\/emaa.de\/index.php?rest_route=\/wp\/v2\/pages\/77"}],"wp:attachment":[{"href":"https:\/\/emaa.de\/index.php?rest_route=%2Fwp%2Fv2%2Fmedia&parent=87"}],"curies":[{"name":"wp","href":"https:\/\/api.w.org\/{rel}","templated":true}]}}